usands digit of 256514794?
5
What is the tens digit of 25159830?
3
What is the hundred millions digit of 129343676?
1
What is the hundred thousands digit of 137069492?
0
What is the units digit of 27809313?
3
What is the billions digit of 3753413359?
3
What is the ten thousands digit of 805112951?
1
What is the units digit of 103837675?
5
What is the tens digit of 851168415?
1
What is the units digit of 186945312?
2
What is the units digit of 137727525?
5
What is the billions digit of 1085619119?
1
What is the thousands digit of 660217849?
7
What is the hundred thousands digit of 2644860103?
8
What is the tens digit of 184154456?
5
What is the billions digit of 1822498026?
1
What is the units digit of 32170110?
0
What is the units digit of 16277875?
5
What is the hundreds digit of 868091618?
6
What is the ten thousands digit of 262115675?
1
What is the ten millions digit of 1289092414?
8
What is the tens digit of 3847187535?
3
What is the units digit of 732375996?
6
What is the millions digit of 741824544?
1
What is the thousands digit of 124479814?
9
What is the ten thousands digit of 2126972973?
7
What is the tens digit of 19752363?
6
What is the millions digit of 365427883?
5
What is the hundred thousands digit of 62088455?
0
What is the ten millions digit of 1253410542?
5
What is the ten thousands digit of 176352383?
5
What is the ten millions digit of 39454374?
3
What is the ten millions digit of 74569266?
7
What is the units digit of 90006287?
7
What is the ten millions digit of 34023605?
3
What is the hundred millions digit of 130187668?
1
What is the units digit of 299636851?
1
What is the ten thousands digit of 2865365?
6
What is the millions digit of 49594672?
9
What is the millions digit of 664328856?
4
What is the millions digit of 31141761?
1
What is the tens digit of 1338378560?
6
What is the hundreds digit of 626362833?
8
What is the units digit of 240498889?
9
What is the billions digit of 4630318863?
4
What is the billions digit of 1226878872?
1
What is the ten millions digit of 271430044?
7
What is the millions digit of 135805161?
5
What is the hundred thousands digit of 1853969866?
9
What is the units digit of 502000568?
8
What is the tens digit of 112509240?
4
What is the thousands digit of 18853296?
3
What is the hundred thousands digit of 838618298?
6
What is the hundred thousands digit of 711334474?
3
What is the hundred thousands digit of 847263261?
2
What is the tens digit of 48240465?
6
What is the ten thousands digit of 26804830?
0
What is the hundred millions digit of 1879642320?
8
What is the tens digit of 599444079?
7
What is the units digit of 272799386?
6
What is the hundred millions digit of 1275208086?
2
What is the hundred thousands digit of 473624505?
6
What is the ten thousands digit of 80731718?
3
What is the tens digit of 653666634?
3
What is the ten thousands digit of 1762131369?
3
What is the ten thousands digit of 1261798514?
9
What is the hundred thousands digit of 121683408?
6
What is the hundreds digit of 139334119?
1
What is the tens digit of 600357239?
3
What is the units digit of 129595541?
1
What is the millions digit of 166389318?
6
What is the hundred millions digit of 780907146?
7
What is the hundreds digit of 5243801513?
5
What is the hundred millions digit of 391468895?
3
What is the thousands digit of 43944815?
4
What is the thousands digit of 265681915?
1
What is the ten millions digit of 48199292?
4
What is the units digit of 238896666?
6
What is the hundred millions digit of 1167727784?
1
What is the tens digit of 2570199?
9
What is the millions digit of 17197459?
7
What is the ten millions digit of 2005167343?
0
What is the hundreds digit of 54088229?
2
What is the ten millions digit of 45913018?
4
What is the hundred thousands digit of 5194551621?
5
What is the ten thousands digit of 1002032663?
3
What is the millions digit of 244439515?
4
What is the units digit of 182326294?
4
What is the tens digit of 6075855201?
0
What is the thousands digit of 1075944902?
4
What is the tens digit of 102951047?
4
What is the thousands digit of 2737382108?
2
What is the ten thousands digit of 35850197?
5
What is the ten millions digit of 135224659?
3
What is the hundred millions digit of 472618562?
4
What is the tens digit of 50852056?
5
What is the millions digit of 81809288?
1
What is the thousands digit of 14723288?
3
What is the ten thousands digit of 1464070848?
7
What is the hundreds digit of 26924581?
5
What is the hundreds digit of 2246068359?
3
What is the hundreds digit of 216653872?
8
What is the ten millions digit of 376955108?
7
What is the tens digit of 272499201?
0
What is the ten millions digit of 54446015?
5
What is the hundreds digit of 36438569?
5
What is the ten millions digit of 30053521?
3
What is the hundred thousands digit of 443264240?
2
What is the ten millions digit of 31495701?
3
What is the millions digit of 83493176?
3
What is the millions digit of 97291806?
7
What is the ten millions digit of 100651722?
0
What is the thousands digit of 214499635?
9
What is the tens digit of 73604995?
9
What is the hundred millions digit of 1143861344?
1
What is the hundreds digit of 282094152?
1
What is the tens digit of 2381939185?
8
What is the tens digit of 280380455?
5
What is the tens digit of 174375537?
3
What is the ten millions digit of 219335777?
1
What is the tens digit of 61891052?
5
What is the thousands digit of 1822572379?
2
What is the ten millions digit of 126509631?
2
What is the hundred thousands digit of 1003045574?
0
What is the millions digit of 102311348?
2
What is the ten thousands digit of 938044428?
4
What is the hundred thousands digit of 56227268?
2
What is the tens digit of 2962574384?
8
What is the hundreds digit of 18426753?
7
What is the thousands digit of 298967527?
7
What is the hundred thousands digit of 29560022?
5
What is the hundred thousands digit of 25975793?
9
What is the hundreds digit of 70726096?
0
What is the thousands digit of 21926383?
6
What is the ten thousands digit of 154933799?
3
What is the tens digit of 10600277?
7
What is the ten millions digit of 551297892?
5
What is the ten thousands digit of 26945274?
4
What is the ten thousands digit of 827635966?
3
What is the hundred thousands digit of 211887123?
8
What is the hundreds digit of 43866195?
1
What is the ten millions digit of 514740881?
1
What is the thousands digit of 432106394?
6
What is the ten thousands digit of 174952409?
5
What is the tens digit of 11113143?
4
What is the tens digit of 626938544?
4
What is the millions digit of 48055539?
8
What is the millions digit of 37028498?
7
What is the thousands digit of 980321877?
1
What is the units digit of 921701427?
7
What is the tens digit of 13169200?
0
What is the hundred thousands digit of 216801815?
8
What is the ten millions digit of 62522102?
6
What is the hundred thousands digit of 2678522253?
5
What is the hundreds digit of 1237980029?
0
What is the hundred thousands digit of 24504711?
5
What is the ten thousands digit of 82908627?
0
What is the tens digit of 7241537?
3
What is the millions digit of 166766681?
6
What is the units digit of 77541512?
2
What is the hundred thousands digit of 87881975?
8
What is the units digit of 20359452?
2
What is the ten thousands digit of 506791000?
9
What is the units digit of 788389165?
5
What is the ten millions digit of 32777743?
3
What is the ten millions digit of 1627891351?
2
What is the billions digit of 6117616517?
6
What is the billions digit of 2418317389?
2
What is the hundred millions digit of 112146271?
1
What is the hundred millions digit of 236984198?
2
What is the hundred thousands digit of 370519428?
5
What is the hundred millions digit of 569568619?
5
What is the hundreds digit of 895469752?
7
What is the thousands digit of 77503787?
3
What is the millions digit of 490285516?
0
What is the hundred thousands digit of 741608279?
6
What is the ten thousands digit of 23600141?
0
What is the hundreds digit of 421539922?
9
What is the hundred thousands digit of 54344580?
3
What is the hundred thousands digit of 110539320?
5
What is the tens digit of 5429293141?
4
What is the hundred thousands digit of 589594115?
5
What is the ten thousands digit of 48115583?
1
What i